{"id":610,"date":"2025-06-27T15:25:03","date_gmt":"2025-06-27T15:25:03","guid":{"rendered":"https:\/\/gai-sciteach.web.ua.pt\/?page_id=610"},"modified":"2025-10-30T12:29:41","modified_gmt":"2025-10-30T12:29:41","slug":"activities","status":"publish","type":"page","link":"https:\/\/gai-sciteach.web.ua.pt\/?page_id=610&lang=en","title":{"rendered":"Activities"},"content":{"rendered":"<ul class=\"wp-block-latest-posts__list is-grid columns-3 wp-block-latest-posts\"><li><div class=\"wp-block-latest-posts__featured-image\"><img loading=\"lazy\" decoding=\"async\" width=\"150\" height=\"150\" src=\"https:\/\/gai-sciteach.web.ua.pt\/wp-content\/uploads\/2026\/03\/jose_estevao-150x150.jpg\" class=\"attachment-thumbnail size-thumbnail wp-post-image\" alt=\"\" style=\"\" \/><\/div><a class=\"wp-block-latest-posts__post-title\" href=\"https:\/\/gai-sciteach.web.ua.pt\/?p=1225&#038;lang=en\">Using Generative Artificial Intelligence for Learning: Some Reflections and Guidelines<\/a><div class=\"wp-block-latest-posts__post-excerpt\">Workshop in the context of a Mission at Jos\u00e9 Estev\u00e3o Secondary School, with four classes of 10th, 11th, and 12th graders studying Science and Technology and Languages and Humanities. The workshop was attended by 120 people, students and teachers, interested in learning more about the use of IAG for learning in secondary education.<\/div><\/li>\n<li><div class=\"wp-block-latest-posts__featured-image\"><img loading=\"lazy\" decoding=\"async\" width=\"150\" height=\"150\" src=\"https:\/\/gai-sciteach.web.ua.pt\/wp-content\/uploads\/2025\/11\/cropped-painel-150x150.png\" class=\"attachment-thumbnail size-thumbnail wp-post-image\" alt=\"\" style=\"\" \/><\/div><a class=\"wp-block-latest-posts__post-title\" href=\"https:\/\/gai-sciteach.web.ua.pt\/?p=1115&#038;lang=en\">Generative AI in mathematics education. Why not?<\/a><div class=\"wp-block-latest-posts__post-excerpt\">Plenary session included in the meeting \u201cMathematics with Life \u2013 Different perspectives on Artificial Intelligence\u201d. More information here.<\/div><\/li>\n<li><div class=\"wp-block-latest-posts__featured-image\"><img loading=\"lazy\" decoding=\"async\" width=\"150\" height=\"150\" src=\"https:\/\/gai-sciteach.web.ua.pt\/wp-content\/uploads\/2025\/09\/Screenshot-2025-09-11-at-17-31-41-Agenda_FuturSkills_ME_Parada-150x150.png\" class=\"attachment-thumbnail size-thumbnail wp-post-image\" alt=\"\" style=\"\" \/><\/div><a class=\"wp-block-latest-posts__post-title\" href=\"https:\/\/gai-sciteach.web.ua.pt\/?p=968\">Research Based Education Practicies<\/a><div class=\"wp-block-latest-posts__post-excerpt\">Workshop. Mais informa\u00e7\u00e3o aqui.<\/div><\/li>\n<li><a class=\"wp-block-latest-posts__post-title\" href=\"https:\/\/gai-sciteach.web.ua.pt\/?p=962\">Caf\u00e9 com Ci\u00eancia: &#8220;IA sob olhares cruzados: Educa\u00e7\u00e3o e Psicologia&#8221;<\/a><div class=\"wp-block-latest-posts__post-excerpt\">Conversa entre investigadores da \u00e1rea da Educa\u00e7\u00e3o e da Psicologia, discutindo olhares cruzados das duas \u00e1reas cient\u00edficas sobre os desafios e potencialidades da IA! https:\/\/sermais.web.ua.pt\/atividade\/275<\/div><\/li>\n<li><div class=\"wp-block-latest-posts__featured-image\"><img loading=\"lazy\" decoding=\"async\" width=\"150\" height=\"150\" src=\"https:\/\/gai-sciteach.web.ua.pt\/wp-content\/uploads\/2025\/09\/Screenshot-2025-09-11-at-17-31-41-Agenda_FuturSkills_ME_Parada-150x150.png\" class=\"attachment-thumbnail size-thumbnail wp-post-image\" alt=\"\" style=\"\" \/><\/div><a class=\"wp-block-latest-posts__post-title\" href=\"https:\/\/gai-sciteach.web.ua.pt\/?p=1070&#038;lang=en\">Research Based Education Practicies<\/a><div class=\"wp-block-latest-posts__post-excerpt\">Workshop. More information here.<\/div><\/li>\n<\/ul>","protected":false},"excerpt":{"rendered":"","protected":false},"author":2,"featured_media":541,"parent":0,"menu_order":0,"comment_status":"closed","ping_status":"closed","template":"","meta":{"neve_meta_sidebar":"","neve_meta_container":"","neve_meta_enable_content_width":"","neve_meta_content_width":0,"neve_meta_title_alignment":"","neve_meta_author_avatar":"","neve_post_elements_order":"","neve_meta_disable_header":"","neve_meta_disable_footer":"","neve_meta_disable_title":"","footnotes":""},"class_list":["post-610","page","type-page","status-publish","has-post-thumbnail","hentry"],"_links":{"self":[{"href":"https:\/\/gai-sciteach.web.ua.pt\/index.php?rest_route=\/wp\/v2\/pages\/610","targetHints":{"allow":["GET"]}}],"collection":[{"href":"https:\/\/gai-sciteach.web.ua.pt\/index.php?rest_route=\/wp\/v2\/pages"}],"about":[{"href":"https:\/\/gai-sciteach.web.ua.pt\/index.php?rest_route=\/wp\/v2\/types\/page"}],"author":[{"embeddable":true,"href":"https:\/\/gai-sciteach.web.ua.pt\/index.php?rest_route=\/wp\/v2\/users\/2"}],"replies":[{"embeddable":true,"href":"https:\/\/gai-sciteach.web.ua.pt\/index.php?rest_route=%2Fwp%2Fv2%2Fcomments&post=610"}],"version-history":[{"count":2,"href":"https:\/\/gai-sciteach.web.ua.pt\/index.php?rest_route=\/wp\/v2\/pages\/610\/revisions"}],"predecessor-version":[{"id":1079,"href":"https:\/\/gai-sciteach.web.ua.pt\/index.php?rest_route=\/wp\/v2\/pages\/610\/revisions\/1079"}],"wp:featuredmedia":[{"embeddable":true,"href":"https:\/\/gai-sciteach.web.ua.pt\/index.php?rest_route=\/wp\/v2\/media\/541"}],"wp:attachment":[{"href":"https:\/\/gai-sciteach.web.ua.pt\/index.php?rest_route=%2Fwp%2Fv2%2Fmedia&parent=610"}],"curies":[{"name":"wp","href":"https:\/\/api.w.org\/{rel}","templated":true}]}}