{"id":143,"date":"2025-06-03T16:39:09","date_gmt":"2025-06-03T16:39:09","guid":{"rendered":"https:\/\/gai-sciteach.web.ua.pt\/?page_id=143"},"modified":"2025-07-01T09:15:02","modified_gmt":"2025-07-01T09:15:02","slug":"contactos","status":"publish","type":"page","link":"https:\/\/gai-sciteach.web.ua.pt\/?page_id=143","title":{"rendered":"Contactos"},"content":{"rendered":"\n<h2 class=\"wp-block-heading\"><strong>Departamento de Educa\u00e7\u00e3o e Psicologia<\/strong> <\/h2>\n\n\n\n<h2 class=\"wp-block-heading\">Universidade de Aveiro<\/h2>\n\n\n\n<p>Campus Universit\u00e1rio de Santiago, 3810-193 Aveiro, Portugal<\/p>\n\n\n<p><iframe loading=\"lazy\" style=\"border: 0;\" src=\"https:\/\/www.google.com\/maps\/embed?pb=!1m18!1m12!1m3!1d3027.89666995452!2d-8.661346875403186!3d40.632160692501756!2m3!1f0!2f0!3f0!3m2!1i1024!2i768!4f13.1!3m3!1m2!1s0xd23a2aadce2b44f%3A0xbc67396b79716d66!2sDepartamento%20de%20Educa%C3%A7%C3%A3o%20e%20Psicologia!5e0!3m2!1spt-PT!2spt!4v1748968997937!5m2!1spt-PT!2spt\" width=\"600\" height=\"450\" allowfullscreen=\"allowfullscreen\"><\/iframe><\/p>\n\n\n<h3 class=\"wp-block-heading\">Fala connosco<\/h3>\n\n\n\n<p>Entra em contacto connosco atrav\u00e9s deste contacto de <a href=\"mailto:dep-gaisciteach@ua.pt\">email<\/a>. Indica-nos o assunto do teu contacto e iremos responder ao teu email assim que poss\u00edvel. Obrigada\/o!<\/p>\n\n\n\n<p><\/p>\n","protected":false},"excerpt":{"rendered":"<p>Departamento de Educa\u00e7\u00e3o e Psicologia Universidade de Aveiro Campus Universit\u00e1rio de Santiago, 3810-193 Aveiro, Portugal Fala connosco Entra em contacto connosco atrav\u00e9s deste contacto de email. Indica-nos o assunto do teu contacto e iremos responder ao teu email assim que poss\u00edvel. Obrigada\/o!<\/p>\n","protected":false},"author":2,"featured_media":436,"parent":0,"menu_order":0,"comment_status":"closed","ping_status":"closed","template":"","meta":{"neve_meta_sidebar":"","neve_meta_container":"","neve_meta_enable_content_width":"","neve_meta_content_width":0,"neve_meta_title_alignment":"","neve_meta_author_avatar":"","neve_post_elements_order":"","neve_meta_disable_header":"","neve_meta_disable_footer":"","neve_meta_disable_title":"","footnotes":""},"class_list":["post-143","page","type-page","status-publish","has-post-thumbnail","hentry"],"_links":{"self":[{"href":"https:\/\/gai-sciteach.web.ua.pt\/index.php?rest_route=\/wp\/v2\/pages\/143","targetHints":{"allow":["GET"]}}],"collection":[{"href":"https:\/\/gai-sciteach.web.ua.pt\/index.php?rest_route=\/wp\/v2\/pages"}],"about":[{"href":"https:\/\/gai-sciteach.web.ua.pt\/index.php?rest_route=\/wp\/v2\/types\/page"}],"author":[{"embeddable":true,"href":"https:\/\/gai-sciteach.web.ua.pt\/index.php?rest_route=\/wp\/v2\/users\/2"}],"replies":[{"embeddable":true,"href":"https:\/\/gai-sciteach.web.ua.pt\/index.php?rest_route=%2Fwp%2Fv2%2Fcomments&post=143"}],"version-history":[{"count":11,"href":"https:\/\/gai-sciteach.web.ua.pt\/index.php?rest_route=\/wp\/v2\/pages\/143\/revisions"}],"predecessor-version":[{"id":715,"href":"https:\/\/gai-sciteach.web.ua.pt\/index.php?rest_route=\/wp\/v2\/pages\/143\/revisions\/715"}],"wp:featuredmedia":[{"embeddable":true,"href":"https:\/\/gai-sciteach.web.ua.pt\/index.php?rest_route=\/wp\/v2\/media\/436"}],"wp:attachment":[{"href":"https:\/\/gai-sciteach.web.ua.pt\/index.php?rest_route=%2Fwp%2Fv2%2Fmedia&parent=143"}],"curies":[{"name":"wp","href":"https:\/\/api.w.org\/{rel}","templated":true}]}}